{"id":28,"date":"2023-12-01T19:58:12","date_gmt":"2023-12-01T17:58:12","guid":{"rendered":"https:\/\/manon-mulliez.fr\/?page_id=28"},"modified":"2025-03-24T16:24:54","modified_gmt":"2025-03-24T14:24:54","slug":"mes-accompagnements-proposes","status":"publish","type":"page","link":"https:\/\/manon-mulliez.fr\/index.php\/mes-accompagnements-proposes\/","title":{"rendered":"Ce que je vous propose &#8230;"},"content":{"rendered":"\n<p class=\"has-text-align-center has-medium-font-size\">D\u00e9couvrir, rencontrer, int\u00e9grer, apprivoiser sa fertilit\u00e9, son cycle menstruel par l&rsquo;interm\u00e9diaire de la <a href=\"https:\/\/fr.wikipedia.org\/wiki\/Symptothermie\">symptothermie<\/a> moderne &#8230; c&rsquo;est l&rsquo;objectif de mes accompagnements que je vous d\u00e9taille ici pour que vous puissiez trouver ce qui aurait du sens vis \u00e0 vis de vos besoins. <br><br>J&rsquo;insiste sur le fait que je base mon travail sur le lien de confiance qui se tissera entre vous et moi. Si vous \u00eates h\u00e9sitant\u00b7es ou si vous n&rsquo;\u00eates pas sur\u00b7es que ce que je propose correspond \u00e0 ce que vous cherchez, n&rsquo;h\u00e9sitez pas \u00e0 me joindre et je saurai vous dire si je peux ou non vous accompagner. N&rsquo;h\u00e9sitez pas \u00e0 me contacter en cas de besoins sp\u00e9cifiques non cit\u00e9s ci dessous. <br><\/p>\n\n\n\n<p class=\"has-text-align-center has-medium-font-size\"><strong>Je n&rsquo;ai pas de cabinet o\u00f9 vous recevoir pour le moment. Je vous propose donc des rendez vous dans des salons de th\u00e9 \u00e0 Clermont-Ferrand ou \u00e0 Billom pour allier l&rsquo;utile \u00e0 l&rsquo;agr\u00e9able. Je peux \u00e9galement vous rencontrer \u00e0 Lyon et \u00e0 Grenoble dans les m\u00eames conditions : autour d&rsquo;un caf\u00e9. Sinon l&rsquo;option de la visio est \u00e9galement possible sans difficult\u00e9s pour moi. <\/strong><\/p>\n\n\n\n<h2 class=\"wp-block-heading has-large-font-size\">Accompagnements longs<\/h2>\n\n\n\n<div class=\"wp-block-columns alignwide is-layout-flex wp-container-core-columns-is-layout-829b1d53 wp-block-columns-is-layout-flex\" style=\"margin-bottom:0\">\n<div class=\"wp-block-column has-text-color has-background has-link-color wp-elements-9e6a4afed8dc92625280f6b150d59253 is-layout-flow wp-block-column-is-layout-flow\" style=\"color:#000000;background-color:#ffe97d;padding-top:2em;padding-right:2em;padding-bottom:2em;padding-left:2em\">\n<h2 class=\"wp-block-heading has-text-align-center\" style=\"font-size:27px\">Contraception<\/h2>\n\n\n\n<p class=\"has-text-align-center has-medium-font-size\" style=\"line-height:1.5\">Accompagnement complet \u00e0 la symptothermie moderne<\/p>\n\n\n\n<hr class=\"wp-block-separator has-text-color has-black-color has-alpha-channel-opacity has-black-background-color has-background is-style-default\"\/>\n\n\n\n<ul class=\"wp-block-list has-normal-font-size\">\n<li style=\"font-size:16px\">Dur\u00e9e : 1 an d&rsquo;accompagnement soit une s\u00e9ance tous les 3 cycles ou tous les 3 mois si pas de cycle. <br><\/li>\n\n\n\n<li style=\"font-size:16px\">Objectif : autonomie contraceptive totale \u00e0 la fin de l&rsquo;accompagnement.<br><\/li>\n\n\n\n<li style=\"font-size:16px\">Cadeau d&rsquo;une Vie \ud83d\ude42<\/li>\n<\/ul>\n\n\n\n<p><\/p>\n\n\n\n<div class=\"wp-block-buttons alignfull is-horizontal is-content-justification-center is-layout-flex wp-container-core-buttons-is-layout-499968f5 wp-block-buttons-is-layout-flex\">\n<div class=\"wp-block-button has-custom-width wp-block-button__width-100 has-custom-font-size has-medium-font-size\"><a class=\"wp-block-button__link has-white-color has-text-color has-background no-border-radius wp-element-button\" href=\"https:\/\/manon-mulliez.fr\/index.php\/me-contacter\/\" style=\"background-color:#000000\" target=\"_blank\" rel=\"noreferrer noopener\">Tarif : 450\u20ac <\/a><\/div>\n\n\n\n<div class=\"wp-block-button has-custom-width wp-block-button__width-100 has-custom-font-size has-medium-font-size\"><a class=\"wp-block-button__link has-white-color has-text-color has-background no-border-radius wp-element-button\" href=\"https:\/\/manon-mulliez.fr\/index.php\/me-contacter\/\" style=\"background-color:#000000\" target=\"_blank\" rel=\"noreferrer noopener\">Solidaire : 350\u20ac<\/a><\/div>\n<\/div>\n<\/div>\n\n\n\n<div class=\"wp-block-column has-luminous-vivid-amber-background-color has-text-color has-background has-link-color wp-elements-2c1300a254a604c9695540f5fdcd02f6 is-layout-flow wp-block-column-is-layout-flow\" style=\"color:#000000;padding-top:2em;padding-right:2em;padding-bottom:2em;padding-left:2em\">\n<h2 class=\"wp-block-heading has-text-align-center\" id=\"family\" style=\"font-size:27px\">Observation<\/h2>\n\n\n\n<p class=\"has-text-align-center has-medium-font-size\" style=\"line-height:1.5\">Accompagnement \u00e0 l&rsquo;observation de son cycle<\/p>\n\n\n\n<hr class=\"wp-block-separator has-text-color has-black-color has-alpha-channel-opacity has-black-background-color has-background is-style-default\"\/>\n\n\n\n<ul class=\"wp-block-list has-normal-font-size\">\n<li style=\"font-size:16px\">Dur\u00e9e : 1 an d&rsquo;accompagnement soit une s\u00e9ance tous les 3 cycles ou 3 mois si pas de cycle. <br><\/li>\n\n\n\n<li style=\"font-size:16px\">Objectif : Observer son cycle, ses ph\u00e9nom\u00e8nes hormonaux, r\u00e9guler son cycle, juguler les SPM et troubles du cycle, vivre \u00ab\u00a0mieux\u00a0\u00bb son cycle menstruel.<\/li>\n<\/ul>\n\n\n\n<p><\/p>\n\n\n\n<div class=\"wp-block-buttons alignfull is-horizontal is-content-justification-center is-layout-flex wp-container-core-buttons-is-layout-499968f5 wp-block-buttons-is-layout-flex\">\n<div class=\"wp-block-button has-custom-width wp-block-button__width-100 is-style-fill\"><a class=\"wp-block-button__link has-white-color has-text-color has-background no-border-radius wp-element-button\" href=\"https:\/\/manon-mulliez.fr\/index.php\/me-contacter\/\" style=\"background-color:#000000\" target=\"_blank\" rel=\"noreferrer noopener\">Tarif : 250\u20ac<\/a><\/div>\n\n\n\n<div class=\"wp-block-button has-custom-width wp-block-button__width-100 is-style-fill\"><a class=\"wp-block-button__link has-white-color has-text-color has-background no-border-radius wp-element-button\" href=\"https:\/\/manon-mulliez.fr\/index.php\/me-contacter\/\" style=\"background-color:#000000\" target=\"_blank\" rel=\"noreferrer noopener\">Solidaire : 180\u20ac<\/a><\/div>\n<\/div>\n<\/div>\n<\/div>\n\n\n\n<p><br><\/p>\n\n\n\n<p><\/p>\n\n\n\n<h2 class=\"wp-block-heading has-large-font-size\">Atelier et s\u00e9ance ponctuelle<\/h2>\n\n\n\n<div class=\"wp-block-columns alignwide is-layout-flex wp-container-core-columns-is-layout-829b1d53 wp-block-columns-is-layout-flex\" style=\"margin-bottom:0\">\n<div class=\"wp-block-column has-pale-pink-background-color has-text-color has-background has-link-color wp-elements-4966327bf92872e22c18d703d83e8a14 is-layout-flow wp-block-column-is-layout-flow\" style=\"color:#000000;padding-top:2em;padding-right:2em;padding-bottom:2em;padding-left:2em\">\n<h2 class=\"wp-block-heading has-text-align-center\" style=\"font-size:27px\">Physiologie du cycle menstruel <\/h2>\n\n\n\n<hr class=\"wp-block-separator has-text-color has-black-color has-alpha-channel-opacity has-black-background-color has-background is-style-default\"\/>\n\n\n\n<ul class=\"wp-block-list has-normal-font-size\">\n<li style=\"font-size:16px\">Dur\u00e9e : 2h<br><\/li>\n\n\n\n<li style=\"font-size:16px\">Objectif : D\u00e9couvrir, re-d\u00e9couvrir, comprendre la physiologie du cycle menstruel<br><br><\/li>\n<\/ul>\n\n\n\n<div class=\"wp-block-buttons alignfull is-horizontal is-content-justification-center is-layout-flex wp-container-core-buttons-is-layout-499968f5 wp-block-buttons-is-layout-flex\">\n<div class=\"wp-block-button has-custom-width wp-block-button__width-100 has-custom-font-size has-medium-font-size\"><a class=\"wp-block-button__link has-white-color has-text-color has-background no-border-radius wp-element-button\" href=\"https:\/\/manon-mulliez.fr\/index.php\/me-contacter\/\" style=\"background-color:#000000\" target=\"_blank\" rel=\"noreferrer noopener\">Tarif : 60\u20ac <\/a><\/div>\n\n\n\n<div class=\"wp-block-button has-custom-width wp-block-button__width-100 has-custom-font-size has-medium-font-size\"><a class=\"wp-block-button__link has-white-color has-text-color has-background no-border-radius wp-element-button\" href=\"https:\/\/manon-mulliez.fr\/index.php\/me-contacter\/\" style=\"background-color:#000000\" target=\"_blank\" rel=\"noreferrer noopener\">Solidaire : 40\u20ac<\/a><\/div>\n<\/div>\n<\/div>\n\n\n\n<div class=\"wp-block-column has-luminous-vivid-amber-background-color has-text-color has-background has-link-color wp-elements-e6506dfb66bfe4f8a9c84e4e1848cbb0 is-layout-flow wp-block-column-is-layout-flow\" style=\"color:#000000;padding-top:2em;padding-right:2em;padding-bottom:2em;padding-left:2em\">\n<h2 class=\"wp-block-heading has-text-align-center\" id=\"family\" style=\"font-size:27px\">S\u00e9ance ponctuelle <\/h2>\n\n\n\n<hr class=\"wp-block-separator has-text-color has-black-color has-alpha-channel-opacity has-black-background-color has-background is-style-default\"\/>\n\n\n\n<ul class=\"wp-block-list has-normal-font-size\">\n<li style=\"font-size:16px\">Dur\u00e9e : 1h30<br><\/li>\n\n\n\n<li style=\"font-size:16px\">Objectif : Vous \u00e9couter, r\u00e9pondre \u00e0 vos questions et\/ou suivi post accompagnement<br><br><\/li>\n<\/ul>\n\n\n\n<div class=\"wp-block-buttons alignfull is-horizontal is-content-justification-center is-layout-flex wp-container-core-buttons-is-layout-499968f5 wp-block-buttons-is-layout-flex\">\n<div class=\"wp-block-button has-custom-width wp-block-button__width-100 is-style-fill\"><a class=\"wp-block-button__link has-white-color has-text-color has-background no-border-radius wp-element-button\" href=\"https:\/\/manon-mulliez.fr\/index.php\/me-contacter\/\" style=\"background-color:#000000\" target=\"_blank\" rel=\"noreferrer noopener\">Tarif : 80\u20ac<\/a><\/div>\n\n\n\n<div class=\"wp-block-button has-custom-width wp-block-button__width-100 is-style-fill\"><a class=\"wp-block-button__link has-white-color has-text-color has-background no-border-radius wp-element-button\" href=\"https:\/\/manon-mulliez.fr\/index.php\/me-contacter\/\" style=\"background-color:#000000\" target=\"_blank\" rel=\"noreferrer noopener\">Solidaire : 60\u20ac<\/a><\/div>\n<\/div>\n<\/div>\n\n\n\n<div class=\"wp-block-column has-luminous-vivid-orange-background-color has-text-color has-background has-link-color wp-elements-94e2a2944be34a910ea22228a0014fa7 is-layout-flow wp-block-column-is-layout-flow\" style=\"color:#000000;padding-top:2em;padding-right:2em;padding-bottom:2em;padding-left:2em\">\n<h2 class=\"wp-block-heading has-text-align-center\" id=\"family\" style=\"font-size:27px\">Cycle en <br>cercle<\/h2>\n\n\n\n<hr class=\"wp-block-separator has-text-color has-black-color has-alpha-channel-opacity has-black-background-color has-background is-style-default\"\/>\n\n\n\n<ul class=\"wp-block-list has-normal-font-size\">\n<li style=\"font-size:16px\">Dur\u00e9e : 3h<br><\/li>\n\n\n\n<li style=\"font-size:16px\">Objectif : Re-d\u00e9couverte du cycle en groupe (max 8 personnes) \u00e0 destination de toute personne int\u00e9ress\u00e9e : les hommes sont bienvenus.<\/li>\n<\/ul>\n\n\n\n<div class=\"wp-block-buttons alignfull is-horizontal is-content-justification-center is-layout-flex wp-container-core-buttons-is-layout-499968f5 wp-block-buttons-is-layout-flex\">\n<div class=\"wp-block-button has-custom-width wp-block-button__width-100 is-style-fill\"><a class=\"wp-block-button__link has-white-color has-text-color has-background no-border-radius wp-element-button\" href=\"https:\/\/manon-mulliez.fr\/index.php\/me-contacter\/\" style=\"background-color:#000000\" target=\"_blank\" rel=\"noreferrer noopener\">Tarif : 30\u20ac<\/a><\/div>\n\n\n\n<div class=\"wp-block-button has-custom-width wp-block-button__width-100 is-style-fill\"><a class=\"wp-block-button__link has-white-color has-text-color has-background no-border-radius wp-element-button\" href=\"https:\/\/manon-mulliez.fr\/index.php\/me-contacter\/\" style=\"background-color:#000000\" target=\"_blank\" rel=\"noreferrer noopener\">Solidaire : 10\u20ac<\/a><\/div>\n<\/div>\n<\/div>\n<\/div>\n\n\n\n<p><\/p>\n\n\n\n<p class=\"has-text-align-center has-medium-font-size\"><em><br>J&rsquo;attire \u00e9galement votre attention sur le fait que je ne suis pas professionnelle de sant\u00e9. Je ne suis donc pas capable de poser des diagnostics m\u00e9dicaux, ni de vous prescrire quelconque traitement. Mon travail consiste \u00e0 vous accompagner dans la d\u00e9couverte de votre corps par le prisme du cycle menstruel et de vous former \u00e0 une m\u00e9thode de contraception naturelle fiable. <\/em><\/p>\n\n\n\n<p class=\"has-text-align-center has-medium-font-size\"><em>Je me d\u00e9finis comme une femme qui transmet par des outils de l&rsquo;\u00e9ducation populaire un savoir, un v\u00e9cu et des exp\u00e9riences. <\/em><\/p>\n\n\n\n<div class=\"wp-block-buttons is-horizontal is-content-justification-center is-nowrap is-layout-flex wp-container-core-buttons-is-layout-fc65f29c wp-block-buttons-is-layout-flex\">\n<div class=\"wp-block-button\"><a class=\"wp-block-button__link has-background wp-element-button\" href=\"https:\/\/manon-mulliez.fr\/index.php\/me-contacter\/\" style=\"background-color:#dda206\">Me contacter !<\/a><\/div>\n<\/div>\n\n\n\n<p><\/p>\n","protected":false},"excerpt":{"rendered":"<p>D\u00e9couvrir, rencontrer, int\u00e9grer, apprivoiser sa fertilit\u00e9, son cycle menstruel par l&rsquo;interm\u00e9diaire de la symptothermie moderne &#8230; c&rsquo;est l&rsquo;objectif de mes accompagnements que je vous d\u00e9taille ici pour que vous puissiez trouver ce qui aurait du sens vis \u00e0 vis de &hellip; <\/p>\n","protected":false},"author":2,"featured_media":0,"parent":0,"menu_order":2,"comment_status":"closed","ping_status":"closed","template":"","meta":{"footnotes":""},"class_list":["post-28","page","type-page","status-publish","hentry"],"_links":{"self":[{"href":"https:\/\/manon-mulliez.fr\/index.php\/wp-json\/wp\/v2\/pages\/28","targetHints":{"allow":["GET"]}}],"collection":[{"href":"https:\/\/manon-mulliez.fr\/index.php\/wp-json\/wp\/v2\/pages"}],"about":[{"href":"https:\/\/manon-mulliez.fr\/index.php\/wp-json\/wp\/v2\/types\/page"}],"author":[{"embeddable":true,"href":"https:\/\/manon-mulliez.fr\/index.php\/wp-json\/wp\/v2\/users\/2"}],"replies":[{"embeddable":true,"href":"https:\/\/manon-mulliez.fr\/index.php\/wp-json\/wp\/v2\/comments?post=28"}],"version-history":[{"count":35,"href":"https:\/\/manon-mulliez.fr\/index.php\/wp-json\/wp\/v2\/pages\/28\/revisions"}],"predecessor-version":[{"id":500,"href":"https:\/\/manon-mulliez.fr\/index.php\/wp-json\/wp\/v2\/pages\/28\/revisions\/500"}],"wp:attachment":[{"href":"https:\/\/manon-mulliez.fr\/index.php\/wp-json\/wp\/v2\/media?parent=28"}],"curies":[{"name":"wp","href":"https:\/\/api.w.org\/{rel}","templated":true}]}}

<p class="has-text-align-center has-medium-font-size">Découvrir, rencontrer, intégrer, apprivoiser sa fertilité, son cycle menstruel par l&rsquo;intermédiaire de la <a href="https://fr.wikipedia.org/wiki/Symptothermie">symptothermie</a> moderne &#8230; c&rsquo;est l&rsquo;objectif de mes accompagnements que je vous détaille ici pour que vous puissiez trouver ce qui aurait du sens vis à vis de vos besoins. <br><br>J&rsquo;insiste sur le fait que je base mon travail sur le lien de confiance qui se tissera entre vous et moi. Si vous êtes hésitant·es ou si vous n&rsquo;êtes pas sur·es que ce que je propose correspond à ce que vous cherchez, n&rsquo;hésitez pas à me joindre et je saurai vous dire si je peux ou non vous accompagner. N&rsquo;hésitez pas à me contacter en cas de besoins spécifiques non cités ci dessous. <br></p>



<p class="has-text-align-center has-medium-font-size"><strong>Je n&rsquo;ai pas de cabinet où vous recevoir pour le moment. Je vous propose donc des rendez vous dans des salons de thé à Clermont-Ferrand ou à Billom pour allier l&rsquo;utile à l&rsquo;agréable. Je peux également vous rencontrer à Lyon et à Grenoble dans les mêmes conditions : autour d&rsquo;un café. Sinon l&rsquo;option de la visio est également possible sans difficultés pour moi. </strong></p>



<h2 class="wp-block-heading has-large-font-size">Accompagnements longs</h2>



<div class="wp-block-columns alignwide is-layout-flex wp-container-core-columns-is-layout-829b1d53 wp-block-columns-is-layout-flex" style="margin-bottom:0">
<div class="wp-block-column has-text-color has-background has-link-color wp-elements-9e6a4afed8dc92625280f6b150d59253 is-layout-flow wp-block-column-is-layout-flow" style="color:#000000;background-color:#ffe97d;padding-top:2em;padding-right:2em;padding-bottom:2em;padding-left:2em">
<h2 class="wp-block-heading has-text-align-center" style="font-size:27px">Contraception</h2>



<p class="has-text-align-center has-medium-font-size" style="line-height:1.5">Accompagnement complet à la symptothermie moderne</p>



<hr class="wp-block-separator has-text-color has-black-color has-alpha-channel-opacity has-black-background-color has-background is-style-default"/>



<ul class="wp-block-list has-normal-font-size">
<li style="font-size:16px">Durée : 1 an d&rsquo;accompagnement soit une séance tous les 3 cycles ou tous les 3 mois si pas de cycle. <br></li>



<li style="font-size:16px">Objectif : autonomie contraceptive totale à la fin de l&rsquo;accompagnement.<br></li>



<li style="font-size:16px">Cadeau d&rsquo;une Vie 🙂</li>
</ul>



<p></p>



<div class="wp-block-buttons alignfull is-horizontal is-content-justification-center is-layout-flex wp-container-core-buttons-is-layout-499968f5 wp-block-buttons-is-layout-flex">
<div class="wp-block-button has-custom-width wp-block-button__width-100 has-custom-font-size has-medium-font-size"><a class="wp-block-button__link has-white-color has-text-color has-background no-border-radius wp-element-button" href="https://manon-mulliez.fr/index.php/me-contacter/" style="background-color:#000000" target="_blank" rel="noreferrer noopener">Tarif : 450€ </a></div>



<div class="wp-block-button has-custom-width wp-block-button__width-100 has-custom-font-size has-medium-font-size"><a class="wp-block-button__link has-white-color has-text-color has-background no-border-radius wp-element-button" href="https://manon-mulliez.fr/index.php/me-contacter/" style="background-color:#000000" target="_blank" rel="noreferrer noopener">Solidaire : 350€</a></div>
</div>
</div>



<div class="wp-block-column has-luminous-vivid-amber-background-color has-text-color has-background has-link-color wp-elements-2c1300a254a604c9695540f5fdcd02f6 is-layout-flow wp-block-column-is-layout-flow" style="color:#000000;padding-top:2em;padding-right:2em;padding-bottom:2em;padding-left:2em">
<h2 class="wp-block-heading has-text-align-center" id="family" style="font-size:27px">Observation</h2>



<p class="has-text-align-center has-medium-font-size" style="line-height:1.5">Accompagnement à l&rsquo;observation de son cycle</p>



<hr class="wp-block-separator has-text-color has-black-color has-alpha-channel-opacity has-black-background-color has-background is-style-default"/>



<ul class="wp-block-list has-normal-font-size">
<li style="font-size:16px">Durée : 1 an d&rsquo;accompagnement soit une séance tous les 3 cycles ou 3 mois si pas de cycle. <br></li>



<li style="font-size:16px">Objectif : Observer son cycle, ses phénomènes hormonaux, réguler son cycle, juguler les SPM et troubles du cycle, vivre « mieux » son cycle menstruel.</li>
</ul>



<p></p>



<div class="wp-block-buttons alignfull is-horizontal is-content-justification-center is-layout-flex wp-container-core-buttons-is-layout-499968f5 wp-block-buttons-is-layout-flex">
<div class="wp-block-button has-custom-width wp-block-button__width-100 is-style-fill"><a class="wp-block-button__link has-white-color has-text-color has-background no-border-radius wp-element-button" href="https://manon-mulliez.fr/index.php/me-contacter/" style="background-color:#000000" target="_blank" rel="noreferrer noopener">Tarif : 250€</a></div>



<div class="wp-block-button has-custom-width wp-block-button__width-100 is-style-fill"><a class="wp-block-button__link has-white-color has-text-color has-background no-border-radius wp-element-button" href="https://manon-mulliez.fr/index.php/me-contacter/" style="background-color:#000000" target="_blank" rel="noreferrer noopener">Solidaire : 180€</a></div>
</div>
</div>
</div>



<p><br></p>



<p></p>



<h2 class="wp-block-heading has-large-font-size">Atelier et séance ponctuelle</h2>



<div class="wp-block-columns alignwide is-layout-flex wp-container-core-columns-is-layout-829b1d53 wp-block-columns-is-layout-flex" style="margin-bottom:0">
<div class="wp-block-column has-pale-pink-background-color has-text-color has-background has-link-color wp-elements-4966327bf92872e22c18d703d83e8a14 is-layout-flow wp-block-column-is-layout-flow" style="color:#000000;padding-top:2em;padding-right:2em;padding-bottom:2em;padding-left:2em">
<h2 class="wp-block-heading has-text-align-center" style="font-size:27px">Physiologie du cycle menstruel </h2>



<hr class="wp-block-separator has-text-color has-black-color has-alpha-channel-opacity has-black-background-color has-background is-style-default"/>



<ul class="wp-block-list has-normal-font-size">
<li style="font-size:16px">Durée : 2h<br></li>



<li style="font-size:16px">Objectif : Découvrir, re-découvrir, comprendre la physiologie du cycle menstruel<br><br></li>
</ul>



<div class="wp-block-buttons alignfull is-horizontal is-content-justification-center is-layout-flex wp-container-core-buttons-is-layout-499968f5 wp-block-buttons-is-layout-flex">
<div class="wp-block-button has-custom-width wp-block-button__width-100 has-custom-font-size has-medium-font-size"><a class="wp-block-button__link has-white-color has-text-color has-background no-border-radius wp-element-button" href="https://manon-mulliez.fr/index.php/me-contacter/" style="background-color:#000000" target="_blank" rel="noreferrer noopener">Tarif : 60€ </a></div>



<div class="wp-block-button has-custom-width wp-block-button__width-100 has-custom-font-size has-medium-font-size"><a class="wp-block-button__link has-white-color has-text-color has-background no-border-radius wp-element-button" href="https://manon-mulliez.fr/index.php/me-contacter/" style="background-color:#000000" target="_blank" rel="noreferrer noopener">Solidaire : 40€</a></div>
</div>
</div>



<div class="wp-block-column has-luminous-vivid-amber-background-color has-text-color has-background has-link-color wp-elements-e6506dfb66bfe4f8a9c84e4e1848cbb0 is-layout-flow wp-block-column-is-layout-flow" style="color:#000000;padding-top:2em;padding-right:2em;padding-bottom:2em;padding-left:2em">
<h2 class="wp-block-heading has-text-align-center" id="family" style="font-size:27px">Séance ponctuelle </h2>



<hr class="wp-block-separator has-text-color has-black-color has-alpha-channel-opacity has-black-background-color has-background is-style-default"/>



<ul class="wp-block-list has-normal-font-size">
<li style="font-size:16px">Durée : 1h30<br></li>



<li style="font-size:16px">Objectif : Vous écouter, répondre à vos questions et/ou suivi post accompagnement<br><br></li>
</ul>



<div class="wp-block-buttons alignfull is-horizontal is-content-justification-center is-layout-flex wp-container-core-buttons-is-layout-499968f5 wp-block-buttons-is-layout-flex">
<div class="wp-block-button has-custom-width wp-block-button__width-100 is-style-fill"><a class="wp-block-button__link has-white-color has-text-color has-background no-border-radius wp-element-button" href="https://manon-mulliez.fr/index.php/me-contacter/" style="background-color:#000000" target="_blank" rel="noreferrer noopener">Tarif : 80€</a></div>



<div class="wp-block-button has-custom-width wp-block-button__width-100 is-style-fill"><a class="wp-block-button__link has-white-color has-text-color has-background no-border-radius wp-element-button" href="https://manon-mulliez.fr/index.php/me-contacter/" style="background-color:#000000" target="_blank" rel="noreferrer noopener">Solidaire : 60€</a></div>
</div>
</div>



<div class="wp-block-column has-luminous-vivid-orange-background-color has-text-color has-background has-link-color wp-elements-94e2a2944be34a910ea22228a0014fa7 is-layout-flow wp-block-column-is-layout-flow" style="color:#000000;padding-top:2em;padding-right:2em;padding-bottom:2em;padding-left:2em">
<h2 class="wp-block-heading has-text-align-center" id="family" style="font-size:27px">Cycle en <br>cercle</h2>



<hr class="wp-block-separator has-text-color has-black-color has-alpha-channel-opacity has-black-background-color has-background is-style-default"/>



<ul class="wp-block-list has-normal-font-size">
<li style="font-size:16px">Durée : 3h<br></li>



<li style="font-size:16px">Objectif : Re-découverte du cycle en groupe (max 8 personnes) à destination de toute personne intéressée : les hommes sont bienvenus.</li>
</ul>



<div class="wp-block-buttons alignfull is-horizontal is-content-justification-center is-layout-flex wp-container-core-buttons-is-layout-499968f5 wp-block-buttons-is-layout-flex">
<div class="wp-block-button has-custom-width wp-block-button__width-100 is-style-fill"><a class="wp-block-button__link has-white-color has-text-color has-background no-border-radius wp-element-button" href="https://manon-mulliez.fr/index.php/me-contacter/" style="background-color:#000000" target="_blank" rel="noreferrer noopener">Tarif : 30€</a></div>



<div class="wp-block-button has-custom-width wp-block-button__width-100 is-style-fill"><a class="wp-block-button__link has-white-color has-text-color has-background no-border-radius wp-element-button" href="https://manon-mulliez.fr/index.php/me-contacter/" style="background-color:#000000" target="_blank" rel="noreferrer noopener">Solidaire : 10€</a></div>
</div>
</div>
</div>



<p></p>



<p class="has-text-align-center has-medium-font-size"><em><br>J&rsquo;attire également votre attention sur le fait que je ne suis pas professionnelle de santé. Je ne suis donc pas capable de poser des diagnostics médicaux, ni de vous prescrire quelconque traitement. Mon travail consiste à vous accompagner dans la découverte de votre corps par le prisme du cycle menstruel et de vous former à une méthode de contraception naturelle fiable. </em></p>



<p class="has-text-align-center has-medium-font-size"><em>Je me définis comme une femme qui transmet par des outils de l&rsquo;éducation populaire un savoir, un vécu et des expériences. </em></p>



<div class="wp-block-buttons is-horizontal is-content-justification-center is-nowrap is-layout-flex wp-container-core-buttons-is-layout-fc65f29c wp-block-buttons-is-layout-flex">
<div class="wp-block-button"><a class="wp-block-button__link has-background wp-element-button" href="https://manon-mulliez.fr/index.php/me-contacter/" style="background-color:#dda206">Me contacter !</a></div>
</div>



<p></p>

<p>Découvrir, rencontrer, intégrer, apprivoiser sa fertilité, son cycle menstruel par l&rsquo;intermédiaire de la symptothermie moderne &#8230; c&rsquo;est l&rsquo;objectif de mes accompagnements que je vous détaille ici pour que vous puissiez trouver ce qui aurait du sens vis à vis de &hellip; </p>
