{"id":25,"date":"2023-12-01T19:57:47","date_gmt":"2023-12-01T17:57:47","guid":{"rendered":"https:\/\/manon-mulliez.fr\/?page_id=25"},"modified":"2024-11-07T21:08:44","modified_gmt":"2024-11-07T19:08:44","slug":"ces-accompagnements-pour-qui","status":"publish","type":"page","link":"https:\/\/manon-mulliez.fr\/index.php\/ces-accompagnements-pour-qui\/","title":{"rendered":"Mais pour qui ?"},"content":{"rendered":"<div class=\"wp-block-image\">\n<figure class=\"aligncenter size-large is-resized\"><img loading=\"lazy\" decoding=\"async\" width=\"578\" height=\"1024\" src=\"https:\/\/manon-mulliez.fr\/wp-content\/uploads\/2024\/01\/photo_2024-01-03_21-10-53-578x1024.jpg\" alt=\"Feuilles jaunes d'un arbre en hiver\" class=\"wp-image-302\" style=\"width:378px;height:auto\" srcset=\"https:\/\/manon-mulliez.fr\/wp-content\/uploads\/2024\/01\/photo_2024-01-03_21-10-53-578x1024.jpg 578w, https:\/\/manon-mulliez.fr\/wp-content\/uploads\/2024\/01\/photo_2024-01-03_21-10-53-169x300.jpg 169w, https:\/\/manon-mulliez.fr\/wp-content\/uploads\/2024\/01\/photo_2024-01-03_21-10-53-34x60.jpg 34w, https:\/\/manon-mulliez.fr\/wp-content\/uploads\/2024\/01\/photo_2024-01-03_21-10-53.jpg 723w\" sizes=\"auto, (max-width: 578px) 100vw, 578px\" \/><\/figure>\n<\/div>\n\n\n<p><\/p>\n\n\n\n<p class=\"has-text-align-left has-medium-font-size\"><strong>Mes accompagnements sont \u00e0 destination :<\/strong><br><\/p>\n\n\n\n<ul class=\"wp-block-list\">\n<li class=\"has-medium-font-size\">De toute personne qui souhaite d\u00e9couvrir le cycle menstruel et hormonal ; <\/li>\n<\/ul>\n\n\n\n<p><\/p>\n\n\n\n<ul class=\"wp-block-list\">\n<li class=\"has-medium-font-size\">Des femmes de tous les \u00e2ges qui souhaitent se contracepter sans m\u00e9dicament, ni st\u00e9rilet ;<\/li>\n<\/ul>\n\n\n\n<p><\/p>\n\n\n\n<ul class=\"wp-block-list\">\n<li class=\"has-medium-font-size\">Des femmes qui cherchent \u00e0 re-trouver une harmonie de cette sph\u00e8re centrale de la sant\u00e9 ;<\/li>\n<\/ul>\n\n\n\n<p><\/p>\n\n\n\n<ul class=\"wp-block-list\">\n<li class=\"has-medium-font-size\">Des m\u00e8res qui allaitent et qui veulent conserver leur m\u00e9thode de contraception naturelle pendant l&rsquo;allaitement ;<\/li>\n<\/ul>\n\n\n\n<p><\/p>\n\n\n\n<ul class=\"wp-block-list\">\n<li class=\"has-medium-font-size\">Des couples en qu\u00eate d\u2019un moyen de contraception naturelle voulant \u00eatre v\u00e9cu \u00e0 deux ou d\u00e9sirant optimiser leurs potentiels de fertilit\u00e9 ;<\/li>\n<\/ul>\n\n\n\n<p><\/p>\n\n\n\n<ul class=\"wp-block-list\">\n<li class=\"has-medium-font-size\">Des femmes en pr\u00e9-m\u00e9nopause ou en m\u00e9nopause qui ont besoin d&rsquo;un soutien pour cette \u00e9tape de la vie, qui veulent observer leur cycle et aider le corps \u00e0 r\u00e9guler les possibles sympt\u00f4mes de m\u00e9nopause ;<\/li>\n<\/ul>\n\n\n\n<p><\/p>\n\n\n\n<ul class=\"wp-block-list\">\n<li class=\"has-medium-font-size\">Des jeunes filles pour une approche apais\u00e9e et holistique de la pubert\u00e9, du cycle menstruel, de l&rsquo;\u00e9volution du corps ;<\/li>\n<\/ul>\n\n\n\n<p><\/p>\n\n\n\n<ul class=\"wp-block-list\">\n<li class=\"has-medium-font-size\">Toute personne ayant besoin de parler, d&rsquo;\u00eatre entendu, \u00e9cout\u00e9 autour de la vie menstruelle, du cycle, des d\u00e9r\u00e8glements hormonaux, des troubles du cycle &#8230;<\/li>\n<\/ul>\n\n\n\n<p><\/p>\n\n\n\n<div class=\"wp-block-buttons is-content-justification-center is-layout-flex wp-container-core-buttons-is-layout-16018d1d wp-block-buttons-is-layout-flex\">\n<div class=\"wp-block-button has-custom-font-size is-style-fill has-medium-font-size\"><a class=\"wp-block-button__link has-white-color has-text-color has-background has-link-color has-text-align-center wp-element-button\" href=\"https:\/\/manon-mulliez.fr\/index.php\/mes-accompagnements-proposes\/\" style=\"background-color:#dda206\">Voir les diff\u00e9rents accompagnement et tarifs<\/a><\/div>\n<\/div>\n","protected":false},"excerpt":{"rendered":"<p>Mes accompagnements sont \u00e0 destination :<\/p>\n","protected":false},"author":2,"featured_media":0,"parent":0,"menu_order":20,"comment_status":"closed","ping_status":"closed","template":"","meta":{"footnotes":""},"class_list":["post-25","page","type-page","status-publish","hentry"],"_links":{"self":[{"href":"https:\/\/manon-mulliez.fr\/index.php\/wp-json\/wp\/v2\/pages\/25","targetHints":{"allow":["GET"]}}],"collection":[{"href":"https:\/\/manon-mulliez.fr\/index.php\/wp-json\/wp\/v2\/pages"}],"about":[{"href":"https:\/\/manon-mulliez.fr\/index.php\/wp-json\/wp\/v2\/types\/page"}],"author":[{"embeddable":true,"href":"https:\/\/manon-mulliez.fr\/index.php\/wp-json\/wp\/v2\/users\/2"}],"replies":[{"embeddable":true,"href":"https:\/\/manon-mulliez.fr\/index.php\/wp-json\/wp\/v2\/comments?post=25"}],"version-history":[{"count":20,"href":"https:\/\/manon-mulliez.fr\/index.php\/wp-json\/wp\/v2\/pages\/25\/revisions"}],"predecessor-version":[{"id":480,"href":"https:\/\/manon-mulliez.fr\/index.php\/wp-json\/wp\/v2\/pages\/25\/revisions\/480"}],"wp:attachment":[{"href":"https:\/\/manon-mulliez.fr\/index.php\/wp-json\/wp\/v2\/media?parent=25"}],"curies":[{"name":"wp","href":"https:\/\/api.w.org\/{rel}","templated":true}]}}

<div class="wp-block-image">
<figure class="aligncenter size-large is-resized"><img loading="lazy" decoding="async" width="578" height="1024" src="https://manon-mulliez.fr/wp-content/uploads/2024/01/photo_2024-01-03_21-10-53-578x1024.jpg" alt="Feuilles jaunes d'un arbre en hiver" class="wp-image-302" style="width:378px;height:auto" srcset="https://manon-mulliez.fr/wp-content/uploads/2024/01/photo_2024-01-03_21-10-53-578x1024.jpg 578w, https://manon-mulliez.fr/wp-content/uploads/2024/01/photo_2024-01-03_21-10-53-169x300.jpg 169w, https://manon-mulliez.fr/wp-content/uploads/2024/01/photo_2024-01-03_21-10-53-34x60.jpg 34w, https://manon-mulliez.fr/wp-content/uploads/2024/01/photo_2024-01-03_21-10-53.jpg 723w" sizes="auto, (max-width: 578px) 100vw, 578px" /></figure>
</div>


<p></p>



<p class="has-text-align-left has-medium-font-size"><strong>Mes accompagnements sont à destination :</strong><br></p>



<ul class="wp-block-list">
<li class="has-medium-font-size">De toute personne qui souhaite découvrir le cycle menstruel et hormonal ; </li>
</ul>



<p></p>



<ul class="wp-block-list">
<li class="has-medium-font-size">Des femmes de tous les âges qui souhaitent se contracepter sans médicament, ni stérilet ;</li>
</ul>



<p></p>



<ul class="wp-block-list">
<li class="has-medium-font-size">Des femmes qui cherchent à re-trouver une harmonie de cette sphère centrale de la santé ;</li>
</ul>



<p></p>



<ul class="wp-block-list">
<li class="has-medium-font-size">Des mères qui allaitent et qui veulent conserver leur méthode de contraception naturelle pendant l&rsquo;allaitement ;</li>
</ul>



<p></p>



<ul class="wp-block-list">
<li class="has-medium-font-size">Des couples en quête d’un moyen de contraception naturelle voulant être vécu à deux ou désirant optimiser leurs potentiels de fertilité ;</li>
</ul>



<p></p>



<ul class="wp-block-list">
<li class="has-medium-font-size">Des femmes en pré-ménopause ou en ménopause qui ont besoin d&rsquo;un soutien pour cette étape de la vie, qui veulent observer leur cycle et aider le corps à réguler les possibles symptômes de ménopause ;</li>
</ul>



<p></p>



<ul class="wp-block-list">
<li class="has-medium-font-size">Des jeunes filles pour une approche apaisée et holistique de la puberté, du cycle menstruel, de l&rsquo;évolution du corps ;</li>
</ul>



<p></p>



<ul class="wp-block-list">
<li class="has-medium-font-size">Toute personne ayant besoin de parler, d&rsquo;être entendu, écouté autour de la vie menstruelle, du cycle, des dérèglements hormonaux, des troubles du cycle &#8230;</li>
</ul>



<p></p>



<div class="wp-block-buttons is-content-justification-center is-layout-flex wp-container-core-buttons-is-layout-16018d1d wp-block-buttons-is-layout-flex">
<div class="wp-block-button has-custom-font-size is-style-fill has-medium-font-size"><a class="wp-block-button__link has-white-color has-text-color has-background has-link-color has-text-align-center wp-element-button" href="https://manon-mulliez.fr/index.php/mes-accompagnements-proposes/" style="background-color:#dda206">Voir les différents accompagnement et tarifs</a></div>
</div>

<p>Mes accompagnements sont à destination :</p>
