{"id":2,"date":"2023-09-13T13:12:36","date_gmt":"2023-09-13T11:12:36","guid":{"rendered":"http:\/\/manon-mulliez.alwaysdata.net\/?page_id=2"},"modified":"2024-11-07T20:34:36","modified_gmt":"2024-11-07T18:34:36","slug":"presentation","status":"publish","type":"page","link":"https:\/\/manon-mulliez.fr\/","title":{"rendered":"Manon Mulliez \u2013 Conseill\u00e8re en gestion autonome de la fertilit\u00e9"},"content":{"rendered":"\n<div class=\"wp-block-media-text is-stacked-on-mobile has-small-font-size\" style=\"grid-template-columns:67% auto\"><figure class=\"wp-block-media-text__media\"><img loading=\"lazy\" decoding=\"async\" width=\"1024\" height=\"682\" src=\"https:\/\/manon-mulliez.fr\/wp-content\/uploads\/2024\/10\/moi2.jpg\" alt=\"\" class=\"wp-image-437 size-medium\" srcset=\"https:\/\/manon-mulliez.fr\/wp-content\/uploads\/2024\/10\/moi2.jpg 1024w, https:\/\/manon-mulliez.fr\/wp-content\/uploads\/2024\/10\/moi2-300x200.jpg 300w, https:\/\/manon-mulliez.fr\/wp-content\/uploads\/2024\/10\/moi2-768x512.jpg 768w, https:\/\/manon-mulliez.fr\/wp-content\/uploads\/2024\/10\/moi2-450x300.jpg 450w\" sizes=\"auto, (max-width: 1024px) 100vw, 1024px\" \/><\/figure><div class=\"wp-block-media-text__content\">\n<h1 class=\"wp-block-heading has-text-align-center has-large-font-size\"><br>Bienvenue \u00e0 toutes et tous \u2600\ufe0f<\/h1>\n\n\n\n<p class=\"has-drop-cap has-medium-font-size\">Je m\u2019appelle Manon, j\u2019ai 34 ans et je vis dans le Puy de D\u00f4me. \u00c9ducatrice de jeunes enfants de formation, j\u2019ai travaill\u00e9 plusieurs ann\u00e9es dans des \u00e9tablissements d&rsquo;accueil du jeune enfant et en tant qu\u2019ouvri\u00e8re agricole dans des fermes maraich\u00e8res. Je navigue aujourd&rsquo;hui entre ces deux activit\u00e9s et je suis \u00e9galement conseill\u00e8re en gestion autonome de la fertilit\u00e9. Je transmets la m\u00e9thode de la symptothermie moderne.<br><br>J\u2019ai \u00e0 c\u0153ur de vivre une vie riche, en mouvement, qui prenne soin de la vie en moi et autour de moi. C\u2019est tout un chemin personnel et d\u2019engagements qui m\u2019a men\u00e9e vers l\u2019accompagnement.<\/p>\n\n\n\n<p class=\"has-medium-font-size\">Je me mets \u00e0 votre disposition pour vous aider \u00e0 apprivoiser avec joie, conscience et rigueur votre vie fertile qui que vous soyez, o\u00f9 que vous alliez.<br><br>Au plaisir de vous rencontrer<br><br>Manon<\/p>\n<\/div><\/div>\n\n\n\n<div class=\"wp-block-buttons is-content-justification-center is-nowrap is-layout-flex wp-container-core-buttons-is-layout-1fb9aab6 wp-block-buttons-is-layout-flex\">\n<div class=\"wp-block-button has-custom-width wp-block-button__width-75 has-custom-font-size has-medium-font-size\"><a class=\"wp-block-button__link has-background wp-element-button\" href=\"https:\/\/manon-mulliez.fr\/index.php\/mes-accompagnements-proposes\/\" style=\"border-radius:49px;background-color:#dda206\">Voir mes diff\u00e9rents accompagnements \ud83c\udf3c<\/a><\/div>\n<\/div>\n\n\n\n<a class=\"acacher\" rel=\"me\" href=\"https:\/\/piaille.fr\/@ManonMulliez\">Mastodon<\/a>\n","protected":false},"excerpt":{"rendered":"<p>Bienvenue \u00e0 toutes et tous \u2600\ufe0f Je m\u2019appelle Manon, j\u2019ai 34 ans et je vis dans le Puy de D\u00f4me. \u00c9ducatrice de jeunes enfants de formation, j\u2019ai travaill\u00e9 plusieurs ann\u00e9es dans des \u00e9tablissements d&rsquo;accueil du jeune enfant et en tant &hellip; <\/p>\n","protected":false},"author":2,"featured_media":0,"parent":0,"menu_order":1,"comment_status":"closed","ping_status":"closed","template":"","meta":{"footnotes":""},"class_list":["post-2","page","type-page","status-publish","hentry"],"_links":{"self":[{"href":"https:\/\/manon-mulliez.fr\/index.php\/wp-json\/wp\/v2\/pages\/2","targetHints":{"allow":["GET"]}}],"collection":[{"href":"https:\/\/manon-mulliez.fr\/index.php\/wp-json\/wp\/v2\/pages"}],"about":[{"href":"https:\/\/manon-mulliez.fr\/index.php\/wp-json\/wp\/v2\/types\/page"}],"author":[{"embeddable":true,"href":"https:\/\/manon-mulliez.fr\/index.php\/wp-json\/wp\/v2\/users\/2"}],"replies":[{"embeddable":true,"href":"https:\/\/manon-mulliez.fr\/index.php\/wp-json\/wp\/v2\/comments?post=2"}],"version-history":[{"count":54,"href":"https:\/\/manon-mulliez.fr\/index.php\/wp-json\/wp\/v2\/pages\/2\/revisions"}],"predecessor-version":[{"id":454,"href":"https:\/\/manon-mulliez.fr\/index.php\/wp-json\/wp\/v2\/pages\/2\/revisions\/454"}],"wp:attachment":[{"href":"https:\/\/manon-mulliez.fr\/index.php\/wp-json\/wp\/v2\/media?parent=2"}],"curies":[{"name":"wp","href":"https:\/\/api.w.org\/{rel}","templated":true}]}}

Manon Mulliez – Conseillère en gestion autonome de la fertilité

<div class="wp-block-media-text is-stacked-on-mobile has-small-font-size" style="grid-template-columns:67% auto"><figure class="wp-block-media-text__media"><img loading="lazy" decoding="async" width="1024" height="682" src="https://manon-mulliez.fr/wp-content/uploads/2024/10/moi2.jpg" alt="" class="wp-image-437 size-medium" srcset="https://manon-mulliez.fr/wp-content/uploads/2024/10/moi2.jpg 1024w, https://manon-mulliez.fr/wp-content/uploads/2024/10/moi2-300x200.jpg 300w, https://manon-mulliez.fr/wp-content/uploads/2024/10/moi2-768x512.jpg 768w, https://manon-mulliez.fr/wp-content/uploads/2024/10/moi2-450x300.jpg 450w" sizes="auto, (max-width: 1024px) 100vw, 1024px" /></figure><div class="wp-block-media-text__content">
<h1 class="wp-block-heading has-text-align-center has-large-font-size"><br>Bienvenue à toutes et tous ☀️</h1>



<p class="has-drop-cap has-medium-font-size">Je m’appelle Manon, j’ai 34 ans et je vis dans le Puy de Dôme. Éducatrice de jeunes enfants de formation, j’ai travaillé plusieurs années dans des établissements d&rsquo;accueil du jeune enfant et en tant qu’ouvrière agricole dans des fermes maraichères. Je navigue aujourd&rsquo;hui entre ces deux activités et je suis également conseillère en gestion autonome de la fertilité. Je transmets la méthode de la symptothermie moderne.<br><br>J’ai à cœur de vivre une vie riche, en mouvement, qui prenne soin de la vie en moi et autour de moi. C’est tout un chemin personnel et d’engagements qui m’a menée vers l’accompagnement.</p>



<p class="has-medium-font-size">Je me mets à votre disposition pour vous aider à apprivoiser avec joie, conscience et rigueur votre vie fertile qui que vous soyez, où que vous alliez.<br><br>Au plaisir de vous rencontrer<br><br>Manon</p>
</div></div>



<div class="wp-block-buttons is-content-justification-center is-nowrap is-layout-flex wp-container-core-buttons-is-layout-1fb9aab6 wp-block-buttons-is-layout-flex">
<div class="wp-block-button has-custom-width wp-block-button__width-75 has-custom-font-size has-medium-font-size"><a class="wp-block-button__link has-background wp-element-button" href="https://manon-mulliez.fr/index.php/mes-accompagnements-proposes/" style="border-radius:49px;background-color:#dda206">Voir mes différents accompagnements 🌼</a></div>
</div>



<a class="acacher" rel="me" href="https://piaille.fr/@ManonMulliez">Mastodon</a>

<p>Bienvenue à toutes et tous ☀️ Je m’appelle Manon, j’ai 34 ans et je vis dans le Puy de Dôme. Éducatrice de jeunes enfants de formation, j’ai travaillé plusieurs années dans des établissements d&rsquo;accueil du jeune enfant et en tant &hellip; </p>
