{"id":179,"date":"2023-12-16T17:35:26","date_gmt":"2023-12-16T15:35:26","guid":{"rendered":"https:\/\/manon-mulliez.fr\/?page_id=179"},"modified":"2024-11-07T22:26:08","modified_gmt":"2024-11-07T20:26:08","slug":"me-contacter","status":"publish","type":"page","link":"https:\/\/manon-mulliez.fr\/index.php\/me-contacter\/","title":{"rendered":"Me contacter"},"content":{"rendered":"\n<p class=\"has-text-align-center has-medium-font-size\">Pour me contacter, <strong>envoyez un mail <\/strong>par ici : <a href=\"mailto:contact@manon-mulliez.fr\">contact@manon-mulliez.fr<\/a> et je vous recontacterai d\u00e8s que j&rsquo;en aurais pris connaissance.<\/p>\n\n\n\n<p class=\"has-text-align-center has-medium-font-size\">Pour tous les accompagnements et consultations ponctuelles je suis joignable du lundi au vendredi de 8h30 \u00e0 19h par t\u00e9l\u00e9phone, Telegram, Signal et mail.<\/p>\n\n\n\n<p class=\"has-text-align-center has-medium-font-size\">Vous pouvez aussi me retrouver sur le <a href=\"https:\/\/fr.wikipedia.org\/wiki\/Fediverse\" data-type=\"link\" data-id=\"https:\/\/fr.wikipedia.org\/wiki\/Fediverse\">Fediverse<\/a>, l&rsquo;ensemble des r\u00e9seaux sociaux libres, avec mon compte Mastodon : <a href=\"https:\/\/piaille.fr\/@ManonMulliez\">https:\/\/piaille.fr\/@ManonMulliez<\/a><br><\/p>\n\n\n\n<p class=\"has-medium-font-size\"><\/p>\n","protected":false},"excerpt":{"rendered":"<p>Pour me contacter, envoyez un mail par ici : contact@manon-mulliez.fr et je vous recontacterai d\u00e8s que j&rsquo;en aurais pris connaissance. Pour tous les accompagnements et consultations ponctuelles je suis joignable du lundi au vendredi de 8h30 \u00e0 19h par t\u00e9l\u00e9phone, &hellip; <\/p>\n","protected":false},"author":2,"featured_media":0,"parent":0,"menu_order":50,"comment_status":"closed","ping_status":"closed","template":"","meta":{"footnotes":""},"class_list":["post-179","page","type-page","status-publish","hentry"],"_links":{"self":[{"href":"https:\/\/manon-mulliez.fr\/index.php\/wp-json\/wp\/v2\/pages\/179","targetHints":{"allow":["GET"]}}],"collection":[{"href":"https:\/\/manon-mulliez.fr\/index.php\/wp-json\/wp\/v2\/pages"}],"about":[{"href":"https:\/\/manon-mulliez.fr\/index.php\/wp-json\/wp\/v2\/types\/page"}],"author":[{"embeddable":true,"href":"https:\/\/manon-mulliez.fr\/index.php\/wp-json\/wp\/v2\/users\/2"}],"replies":[{"embeddable":true,"href":"https:\/\/manon-mulliez.fr\/index.php\/wp-json\/wp\/v2\/comments?post=179"}],"version-history":[{"count":12,"href":"https:\/\/manon-mulliez.fr\/index.php\/wp-json\/wp\/v2\/pages\/179\/revisions"}],"predecessor-version":[{"id":489,"href":"https:\/\/manon-mulliez.fr\/index.php\/wp-json\/wp\/v2\/pages\/179\/revisions\/489"}],"wp:attachment":[{"href":"https:\/\/manon-mulliez.fr\/index.php\/wp-json\/wp\/v2\/media?parent=179"}],"curies":[{"name":"wp","href":"https:\/\/api.w.org\/{rel}","templated":true}]}}